 = x - 109. Calculate the highest common divisor of 91 and m.
13
Suppose -19 - 221 = -30*x. Let z be -6 - x/(-4)*1*7. What is the highest common divisor of z and 40?
8
Let n be (-1232)/(-20) + (-6)/(-15). Suppose 2187 = -53*b + n*b. Calculate the greatest common factor of b and 135.
27
Suppose -313 + 1177 = 18*q. Suppose 5*w - 3 - 7 = 0. Let d = w + 4. Calculate the highest common factor of d and q.
6
Let y be (-175)/30*-12*(-20)/(-7). Calculate the highest common factor of 950 and y.
50
Suppose 153*a + 15 = 158*a. Suppose -a*d + 5*l - 7 = 0, -d + 6*l = l + 19. Calculate the highest common factor of d and 48.
6
Suppose 3*q = 5*g - 27834, 0*g + 4*q - 16712 = -3*g. Suppose g = -18*n + 26*n. What is the greatest common factor of 24 and n?
24
Let b = 58 + -5. Let n = b + -21. Calculate the greatest common factor of 40 and n.
8
Suppose -4*x - 2*z + 3468 = 0, 19*z - 17*z + 1740 = 2*x. Let q = -604 + x. What is the highest common factor of 48 and q?
24
Suppose -5*x - 3*z = -757, -2*x + 4*z = -3*x + 148. What is the highest common divisor of x and 114?
38
Suppose -2*x + 62 = 58. Let o be (-10)/5 + 0 + x. Suppose 228 = -o*u + 4*u. Calculate the highest common factor of 38 and u.
19
Let y(z) = -122*z + 4. Suppose 2*h - 15 = 1. Suppose -9 = h*n + n. Let v be y(n). Calculate the highest common divisor of v and 14.
14
Suppose x - 36157 = -2*y, 6681 + 101779 = 3*x - 5*y. Calculate the greatest common factor of 35 and x.
35
Suppose -2683*b = -2757*b + 797868. What is the greatest common divisor of b and 36?
18
Suppose -x = x - 6. Suppose -x*y + 24 = 2*y - 4*u, 52 = 4*y + 5*u. Let z = 37 + y. What is the greatest common factor of z and 9?
9
Let x = 2883 - 2811. Let u be 2 + 2 + 2 + 2. What is the highest common factor of x and u?
8
Suppose 16*d - 1089 = -5*d - 12*d. What is the highest common divisor of 2321 and d?
11
Let s be (-320)/(8 + (1 - 8)). Let g be (-35997)/(-30) + (-32)/s. What is the greatest common factor of g and 30?
30
Let l(y) = -1325*y + 3. Let c be l(-1). Suppose 13*i - c - 427 = 0. Calculate the highest common factor of 45 and i.
45
Let h(g) = -8*g**3 + 8*g**2 - 41*g - 118. Let o be h(-12). Calculate the highest common factor of o and 50.
50
Let g(i) = -i**3 + 30*i**2 + 3*i - 45. Let n = -196 - -226. Let m be g(n). What is the highest common divisor of 15 and m?
15
Let u be 8/36 + 6659848/3276 + (-2)/14. What is the highest common divisor of 38 and u?
19
Suppose -b - 4 = -6. Suppose w = b*n + 116, -2*w + n = -46 - 201. Let i = -372 - -456. Calculate the greatest common factor of i and w.
42
Let x = -7927 + 8002. Calculate the highest common factor of 14325 and x.
75
Let z = -3089 - -3120. Calculate the greatest common divisor of 961 and z.
31
Let i(k) = -k**3 + 11*k**2 - 11*k - 3. Let y be i(10). Let h = -11 - y. Suppose -h*s + 143 = -s. Calculate the highest common divisor of s and 13.
13
Let n(f) = 5*f**2 + 14*f - 33. Let z be n(-5). Let r(t) = -t**2 - 15*t - 1. Let g be r(-7). Calculate the greatest common factor of z and g.
11
Suppose g + 8 - 34 = -3*k, -28 = -3*k + g. What is the greatest common factor of 2853 and k?
9
Let u = 146 - 143. Suppose -j + 6*j = 3*x - 26, u*x + 4*j = 44. What is the highest common divisor of x and 3?
3
Let i be 167/4 + (-15)/(-60) + -5 + 5. What is the greatest common factor of i and 3171?
21
Let a(d) = d**3 + 13*d**2 - 29*d + 146. Let w be a(-15). Calculate the highest common factor of w and 3.
1
Suppose -2*u = -12, 1910 = 2*p + 4*u - 3914. Calculate the highest common divisor of 435 and p.
145
Let s = 1 + 73. Suppose h - s = -2*b - 0*b, h = 2*b + 62. Suppose -10*r + 79 = -91. What is the greatest common factor of r and h?
17
Let l(o) be the second derivative of -5*o**4/6 + 37*o**3/6 - 3*o**2/2 + o + 19. Let s be l(3). Calculate the highest common factor of 14 and s.
2
Suppose 0 = -76*y + 72*y + 168. Calculate the highest common factor of 147 and y.
21
Let a(n) = 144*n - 838. Let m be a(6). Suppose -4*s + 390 = s. Calculate the greatest common factor of s and m.
26
Suppose -5*n - 4*w + 22808 = 0, 6*w = 7*w - 7. What is the highest common factor of 68 and n?
68
Let m(s) = s**2 + 33*s - 73. Let c be m(-33). Let n = c - -123. Calculate the greatest common factor of 200 and n.
50
Suppose 217*l = 210*l + 1225. Suppose 0 = 4*m - 139 - 1. Calculate the greatest common divisor of m and l.
35
Suppose -m - 2*g - 568 = 0, -441 = -5*m + 3*g - 3216. Let i = m - -586. What is the greatest common factor of 28 and i?
28
Let c be 27/12 - (-18)/24. Suppose -4*w = 3*q - 282, 2*w + 221 = c*q - 43. Let y(n) = 26*n + 4. Let s be y(1). What is the greatest common factor of s and q?
30
Let t be (216/96)/((-3)/(-16)). Suppose t*u + 35 = 143. Calculate the highest common factor of u and 333.
9
Let x be (3 - 14/14)*119. What is the greatest common divisor of x and 98?
14
Let t(u) = 0*u**2 + 8 - 7*u**2 - 10*u + 12*u**2. Let d be t(6). Suppose -4*h + d = 2*s, 2 = -h + 4*s + 16. What is the highest common divisor of h and 75?
15
Let n(x) = -2*x**2 + 15*x + 3. Let l(j) = -j**3 + 6*j**2 + 5*j + 17. Let u be l(7). Let p be n(u). Calculate the greatest common factor of p and 18.
6
Suppose -28 = -82*q + 84*q. Let k be (q/(-21))/((-1)/(-30)). Calculate the highest common factor of k and 280.
20
Suppose -7 = h - 33. Let g(a) = 6*a + 26. Let m be g(-4). Calculate the greatest common divisor of m and h.
2
Suppose 45*v = 385 - 53 + 1288. What is the greatest common divisor of v and 11214?
18
Suppose -89 = -c + 21. Let t = 3540 + -3518. What is the greatest common factor of t and c?
22
Suppose 0 = 5*y + 4*f - 24, -5*y + 3*y + 8 = 2*f. Let g be (y/(-14)*-3)/((-6)/(-63)). Calculate the greatest common divisor of g and 90.
18
Let f(r) = 19*r**2 - 8*r + 20. Let s be f(7). Let t be (2/10)/(1/s). Let x = t - 60. What is the highest common divisor of 34 and x?
17
Let x(l) = -6 + 2*l + 0 + l**2 + 2. Let c be x(-4). Suppose 5*q + 13 = -2*b - b, 0 = -c*b + 4*q + 36. Calculate the highest common factor of b and 36.
4
Let d = -128 + 136. Let b be (-1)/(((-2)/d)/1). What is the highest common divisor of 31 and b?
1
Suppose 6*p = 2*p + 5*l + 2127, -4*p = l - 2109. Let s = p + -380. Calculate the greatest common divisor of 185 and s.
37
Suppose 434 = 3*t - 2*o, 150 = 2*t + 4*o - 166. What is the greatest common divisor of t and 2294?
74
Suppose 0 = 4*k - 3*k + 2*o - 106, 0 = -3*k - 2*o + 298. What is the highest common factor of 352 and k?
32
Let r be 192/(-26 + 14) + 30. What is the greatest common divisor of r and 21532?
14
Suppose -5*v + 28 = -32. Let y(f) = f**3 + 18*f**2 + 13*f - 17. Let o be y(-12). Suppose 0 = -4*r + o + 125. Calculate the highest common divisor of v and r.
12
Suppose 5*d = -2*w + 4*w + 2056, -5*w = -2*d + 814. Suppose -3 = -3*l + 5*k + d, 555 = 4*l - 5*k. What is the highest common divisor of 20 and l?
20
Suppose -177 = -4*k + 5*w, 17*k - 15*k - 3*w = 87. What is the greatest common factor of 2832 and k?
48
Suppose v + 5*n + 12 = 0, 6*n + 15 = n. Suppose 0 = v*b - 10*b + 2233. Calculate the greatest common divisor of 22 and b.
11
Suppose 20*d - 9*d + 29 = -w, 2*w - 82 = -2*d. What is the greatest common factor of 216 and w?
24
Let p be 2/(-3)*(-38 - -29). Suppose -p*f - 8 = -7*f. Let l(t) = 2*t + 6. Let g be l(5). Calculate the greatest common divisor of f and g.
8
Let h = 8 - 12. Let b(n) = -n + 3. Let g be b(h). Let q(x) = x**3 - 6*x**2 - 3*x - 1. Let a be q(g). What is the highest common divisor of a and 81?
27
Let d(l) = 3*l - 15. Let v be d(9). Let j = 179 - 167. Let b be -4 + (-3 + (-13)/(-3))*j. Calculate the highest common factor of v and b.
12
Let b(j) = j + 17. Let g be b(0). Let n be 363 + 16/64 + 6/8. Suppose n - 24 = 10*u. What is the greatest common divisor of u and g?
17
Let o be -10 + 9/9*16 - -5983. What is the highest common factor of 226 and o?
113
Let j(s) = -s**3 - 31*s**2 - 9*s - 125. Let x be j(-31). What is the highest common factor of 440 and x?
22
Let u(y) = -5*y + 202. Let z be u(34). Calculate the greatest common divisor of 368 and z.
16
Suppose r + 155 = 5*z - 69, -3*r + 32 = z. What is the highest common divisor of 649 and z?
11
Let c be (-481)/(-8) - (147/(-56))/(-21) - -2. Let d = -40 + 195. What is the greatest common factor of c and d?
31
Suppose z = 5*z + 28. Let f(b) = -b**2 - 11*b - 10. Let s be f